7*z + 4*t + 63 = 0. Calculate the greatest common divisor of 903 and z.
21
Suppose 3*k + 33 + 57 = 0. Let c = 16 + k. Let u = c - -34. What is the greatest common factor of u and 50?
10
Let x = 1094 + -1038. Calculate the highest common factor of 77 and x.
7
Let d be 6/27 + 4132/36 + -5. Let s = -101 + d. What is the highest common factor of 81 and s?
9
Suppose 3*s - 300 = 2*j, -200 = -2*s - 7*j + 11*j. Calculate the highest common divisor of s and 340.
20
Suppose 0 = -2*r - 0*r. Let t(a) = a**2 + 42. Let v be t(r). Suppose 5*i - 1 = b, -2*b + 3*i = -6*b + v. Calculate the highest common divisor of b and 9.
9
Let c(m) be the first derivative of 2*m - 6 - 5/2*m**2 + 1/3*m**3. Let k be c(7). Calculate the greatest common factor of k and 24.
8
Suppose 0 = -9*u + 10*u - 2. Suppose 5*t - 2*q = 1485, -u*q = -4*q. Calculate the greatest common factor of t and 33.
33
Suppose -2*d + 2*h = -38, 3*d - 57*h - 42 = -59*h. What is the greatest common divisor of d and 1168?
16
Let z be (115/4)/((-261)/(-36) + -7). Calculate the greatest common factor of 23 and z.
23
Let j(f) = 23*f**2 - 22*f**2 - 7 + 2*f + 7*f - 2*f. Let m be j(-8). Let h be (m - (-504)/3) + -4. What is the highest common factor of h and 15?
15
Let t = 684 + -612. Let x(u) = 3*u - 6. Let l be x(5). Let s be 6/l*(12 - 0). Calculate the greatest common factor of t and s.
8
Let i = -283 - -393. What is the greatest common factor of i and 495?
55
Suppose -h + 3*h = 34. Let a(v) = v**3 - 19*v**2 - 20*v. Let g be a(20). Suppose g = -u + h - 0. Calculate the greatest common factor of 34 and u.
17
Suppose -2*a + 15 = 3*a. Suppose 3*s = -a*s + 204. Suppose -n = -3*n + 5*i + 175, 3*n = -5*i + 250. What is the highest common factor of n and s?
17
Let o(g) = 8*g + 16. Let k(h) = h**2 - 4*h - 4. Let q be k(6). Let i be o(q). What is the highest common factor of i and 10?
10
Suppose 4*a - 1366 - 1186 = 0. Suppose -2*w + 2*m + 490 = w, 0 = 4*w + 5*m - a. What is the highest common divisor of w and 27?
27
Let d(j) be the third derivative of j**5/60 + 5*j**4/12 + 4*j**3/3 - 11*j**2. Let s be d(-10). Calculate the greatest common divisor of s and 8.
8
Suppose -3*w + 2*w = -1, -i - 5*w + 20 = 0. Let x = 11 + i. What is the greatest common divisor of 13 and x?
13
Let t = 10 - -5. Let f(d) = 20*d**2 + d**3 - t*d**2 - 3 - 4*d - 8*d**2. Let j be f(5). Calculate the greatest common divisor of j and 135.
27
Let n(v) = 10 + 0*v - 12 + 5*v. Let k be n(6). Calculate the highest common divisor of k and 7.
7
Suppose 5*g + 0*p - 120 = -2*p, -2*g + 48 = -4*p. Calculate the greatest common factor of g and 8.
8
Let p be (-1)/(12/(-160))*3. Let u = 12 - p. Let z be 2/3 + u/(-3). Calculate the highest common divisor of 80 and z.
10
Let s be (-28)/(-6)*(-720)/(-210). Suppose -1469 = -3*p - 194. Suppose 5*u - p = 135. What is the greatest common factor of u and s?
16
Let r be -1 + 0 + 1 + 0. Let k(w) = -w**2 - 15*w - 12. Let c be k(-14). Suppose c*o - 30 - 54 = r. What is the greatest common divisor of 28 and o?
14
Let v be (-63 + -3 + 6)*4/(-5). Let r(a) = 2*a**2 + 7*a. Let j be r(-8). Calculate the greatest common factor of v and j.
24
Suppose -15 + 9 = -2*b. Suppose -3*g + t = -18, -2*g = -0*g - b*t - 19. Suppose -7 = 5*w - 17. Calculate the greatest common factor of g and w.
1
Suppose -4*l - 4*k + 276 + 940 = 0, l - 304 = 2*k. Calculate the greatest common divisor of l and 114.
38
Suppose 2*j = 3*j - 2. Let c = j - 5. Let r be (-4)/(-6) + (-64)/c. Calculate the greatest common divisor of r and 11.
11
Let s be ((-104)/(-16) - 3)*26. Calculate the highest common factor of s and 143.
13
Suppose -4*d - 32 = -3*a, -21 = -a - d - 1. Let n = 18 - a. Suppose -2*b + 109 = 5*f, 0*f - 3*b = -n*f + 36. What is the highest common factor of 231 and f?
21
Let w be (-2)/3 - 32/(-3). Let f(y) = -24*y**3 + 3*y**2 + 2*y. Let k be f(-2). Suppose 0*l - 2*l = -k. What is the greatest common divisor of l and w?
10
Suppose 2*u = -2*u. Suppose j + u*j - 3 = 0. Let g(x) = -x**2 + 14*x + 3. Let m be g(14). Calculate the greatest common divisor of m and j.
3
Let u(g) = -g**3 - 2*g**2 + g - 2. Let v be u(2). Let r(y) = 79*y + 3. Let n be r(-1). Let o = v - n. Calculate the greatest common factor of 12 and o.
12
Let g be 291 - 24 - (15 + -4). Calculate the highest common factor of 8 and g.
8
Let w be (8/52 - (-551)/52)*4. What is the greatest common factor of w and 258?
43
Let g(j) = -2*j + 17. Let v be g(2). Suppose -91 = 2*w - 3*w. What is the highest common divisor of w and v?
13
Suppose -4*o = -6*o + 4. Suppose 0 = o*h - 12 - 8. Let w = 13 - 11. What is the greatest common factor of h and w?
2
Let d be (-300)/(-8) - (-2)/4. What is the highest common divisor of 38 and d?
38
Suppose -3*u - 15 = -2*l + 2*u, 5*l - 5*u = 15. Let g be ((-1)/2 + l)*12. Let d be (38/g)/((-5)/15). What is the highest common divisor of d and 57?
19
Let c(d) = 3*d + 20. Let k = 2 - -4. Let i be c(k). What is the highest common factor of 152 and i?
38
Let f(p) = p**3 + 5*p**2 + p. Let s be f(-4). Let t = -4 - -12. What is the greatest common factor of t and s?
4
Let n be (-6 + -3)/9*-1*60. What is the greatest common divisor of n and 12?
12
Let p = 56 + -38. Let k(t) = 6 + 22*t - 9 - 11. Let a be k(8). What is the greatest common factor of a and p?
18
Let l(a) = -3*a**3 - 11*a**2 + 5*a + 54. Let y be l(-8). Calculate the greatest common factor of 18 and y.
18
Let x be 1/((-129)/63 - -2)*-1. Calculate the highest common divisor of x and 28.
7
Let i = 88 - 72. Suppose -i*b + 11*b + 80 = 0. Calculate the highest common factor of b and 16.
16
Suppose 3*u = -0 - 3. Let n be 7 - u*(-2)/(-2). Let c be -1 + -2*34/(-4). Calculate the highest common divisor of n and c.
8
Let n = -984 - -1052. What is the highest common divisor of n and 32?
4
Let o(z) = z**3 - 11*z**2 + 6. Let s be o(0). What is the highest common factor of s and 366?
6
Let m(c) = c + 71. Let u(d) = d - 36. Let y be u(15). Let n be m(y). Calculate the greatest common factor of 450 and n.
50
Let u = 46 - 23. Suppose 0*f - 4*f + g = -47, -f = 2*g - u. Suppose 37 + 223 = 5*x. Calculate the greatest common factor of f and x.
13
Let j be (-77 - (0 + -1))/(0 - 2). Suppose 4*r + i = 5*i + 40, -5*r + j = i. Calculate the highest common factor of r and 16.
8
Suppose -1193 = -3*r - 5*y, 3 = y + 2*y. Calculate the greatest common factor of 36 and r.
36
Let j be -14*(2 - 14/4). Let l(d) = -3*d - 13. Let t be l(-6). Suppose 0 = -t*g + 905 + 40. What is the greatest common divisor of j and g?
21
Let r = 32 - 30. Suppose -237 + 17 = -r*z. Suppose 0 = -u + 6*u - z. What is the greatest common factor of u and 22?
22
Let t = -23 - -32. Let h be (-6)/27 + 47/t. Suppose 50 = 4*q + h*z, -z = 2*q - 5*z - 38. What is the highest common factor of 5 and q?
5
Let g = -7 - -19. Let l = 15 - g. What is the highest common factor of l and 15?
3
Let u(t) = 46*t**3 - 1. Let p be u(1). Calculate the highest common factor of p and 9.
9
Suppose 4*i + 0 = 8. Let k = 0 + i. Calculate the highest common factor of k and 6.
2
Let u(n) = n**3 - 22*n**2 + 41*n + 2. Let c be u(20). Let z = 93 - 60. What is the highest common factor of z and c?
11
Suppose w = -0*w + 90. Suppose 0*x + 4*x - 144 = 0. Suppose 180 = 5*y + 3*p, p - x = -y - p. Calculate the highest common divisor of y and w.
18
Suppose -5*y + 21 = -19. Suppose -y*d = -3*d - 720. What is the highest common divisor of d and 18?
18
Suppose -4*l + 3 = -4*v + 147, 0 = 4*l. Let k be ((-20)/(-2) - 1) + (436 - 433). What is the greatest common factor of k and v?
12
Suppose -54 = -2*l + 4*x, 30*l - 33*l = 2*x - 49. What is the highest common factor of l and 247?
19
Let r be ((-40)/6)/((-2)/6). Let w(s) = 18*s + 26. Let g be w(3). What is the highest common divisor of g and r?
20
Let i be 11/(-99) + 605/99. Calculate the greatest common factor of i and 6.
6
Suppose 4*p + p = -90. Let z be 45/p*(2 + 26/(-5)). Calculate the highest common factor of z and 8.
8
Let n(y) = y**2 - 16*y + 17. Let b be 3/7 - (-918)/63. Let t be n(b). Calculate the greatest common divisor of t and 10.
2
Let s be 0*4/(-20)*1 + 33. What is the highest common divisor of 352 and s?
11
Let v = 4 - 2. Let m be (2 - -14)*2/8. Suppose 4*b = -m*h - 2 + 46, -3 = -3*b. Calculate the highest common divisor of h and v.
2
Let m(v) = 2*v**2 + 2*v +